{"id":14,"date":"2014-12-20T10:30:34","date_gmt":"2014-12-20T08:30:34","guid":{"rendered":"http:\/\/photography.scheiker.de\/?page_id=14"},"modified":"2026-02-05T20:10:45","modified_gmt":"2026-02-05T18:10:45","slug":"ueber-mich","status":"publish","type":"page","link":"https:\/\/photography.scheiker.de\/?page_id=14","title":{"rendered":"\u00dcber mich"},"content":{"rendered":"\n<figure class=\"wp-block-image size-full\"><img loading=\"lazy\" decoding=\"async\" width=\"1800\" height=\"1200\" src=\"http:\/\/photography.scheiker.de\/wp-content\/uploads\/2026\/01\/ich-im-Studio-1800x1200-1.jpg\" alt=\"\" class=\"wp-image-946\" srcset=\"https:\/\/photography.scheiker.de\/wp-content\/uploads\/2026\/01\/ich-im-Studio-1800x1200-1.jpg 1800w, https:\/\/photography.scheiker.de\/wp-content\/uploads\/2026\/01\/ich-im-Studio-1800x1200-1-300x200.jpg 300w, https:\/\/photography.scheiker.de\/wp-content\/uploads\/2026\/01\/ich-im-Studio-1800x1200-1-1024x683.jpg 1024w, https:\/\/photography.scheiker.de\/wp-content\/uploads\/2026\/01\/ich-im-Studio-1800x1200-1-250x167.jpg 250w, https:\/\/photography.scheiker.de\/wp-content\/uploads\/2026\/01\/ich-im-Studio-1800x1200-1-768x512.jpg 768w, https:\/\/photography.scheiker.de\/wp-content\/uploads\/2026\/01\/ich-im-Studio-1800x1200-1-1536x1024.jpg 1536w\" sizes=\"auto, (max-width: 1800px) 100vw, 1800px\" \/><\/figure>\n\n\n\n<hr class=\"wp-block-separator has-alpha-channel-opacity\"\/>\n\n\n\n<h2 class=\"wp-block-heading\">Momente festhalten. Facetten zeigen. Geschichten erz\u00e4hlen.<\/h2>\n\n\n\n<p>Hi, ich bin Tom<\/p>\n\n\n\n<p>und Fotografie ist f\u00fcr mich die Kunst, das Wesentliche sichtbar zu machen. Egal, ob es der emotionalste Tag eures Lebens ist, ein ausdrucksstarkes Portr\u00e4t f\u00fcr euch selbst oder ein professioneller Auftritt f\u00fcr euer Business: Ich m\u00f6chte Bilder schaffen, die nicht nur eine Oberfl\u00e4che zeigen, sondern eine Pers\u00f6nlichkeit und ein Gef\u00fchl einfangen.<\/p>\n\n\n\n<h3 class=\"wp-block-heading\">Mein Ansatz: Sicherheit geben f\u00fcr echte Ergebnisse<\/h3>\n\n\n\n<p>Ich wei\u00df, dass die wenigsten Menschen Profis vor der Kamera sind. Deshalb sehe ich mich nicht nur als Fotograf, sondern als euer Begleiter. Ich sorge f\u00fcr eine entspannte Atmosph\u00e4re, in der ihr euch wohlf\u00fchlt.<\/p>\n\n\n\n<p>Egal in welchem Bereich wir zusammenarbeiten \u2013 ich nehme euch an die Hand und gebe euch die n\u00f6tigen Impulse. So entsteht ein nat\u00fcrliches L\u00e4cheln ganz von allein, und wir schaffen Ergebnisse, die authentisch und lebendig wirken, niemals gestellt.<\/p>\n\n\n\n<h3 class=\"wp-block-heading\">Drei Bereiche \u2013 ein Fokus: Der Mensch<\/h3>\n\n\n\n<ul class=\"wp-block-list\">\n<li><strong>Hochzeitsfotografie:<\/strong>&nbsp;Ich begleite euch als stiller Beobachter eurer gro\u00dfen Momente und als sicherer Guide bei eurem Paarshooting. Mein Ziel ist eine Reportage, die euch auch nach Jahren noch einmal durch diesen Tag f\u00fchren l\u00e4sst.<\/li>\n\n\n\n<li><strong>Portr\u00e4ts f\u00fcr Privatpersonen:<\/strong>&nbsp;Gemeinsam halten wir eure Pers\u00f6nlichkeit fest. Ob charakterstark, sanft oder voller Energie \u2013 wir nehmen uns die Zeit, die es braucht, um Bilder zu kreieren, auf denen ihr euch zu 100 % wiederkennt.<\/li>\n\n\n\n<li><strong>Businessportr\u00e4ts mit Charakter:<\/strong>&nbsp;Ein professionelles Bild ist eure Visitenkarte. Weg von sterilen Studioaufnahmen, hin zu Portr\u00e4ts, die Kompetenz und Sympathie ausstrahlen und genau zu eurer beruflichen Identit\u00e4t passen.<\/li>\n<\/ul>\n\n\n\n<hr class=\"wp-block-separator has-alpha-channel-opacity\"\/>\n\n\n\n<h3 class=\"wp-block-heading\">Ein Blick hinter die Linse: \u201eIm Schatten des Lichts\u201c<\/h3>\n\n\n\n<p>Fotografie ist f\u00fcr mich auch eine st\u00e4ndige Auseinandersetzung mit Licht, Schatten und der Tiefe des Augenblicks. Meine Leidenschaft f\u00fcr die erz\u00e4hlerische Kraft der Bilder teile ich nicht nur in meinen Auftr\u00e4gen, sondern auch in Buchform.<\/p>\n\n\n\n<p>Nach meinem ersten Bildband freue ich mich sehr, euch bald mein zweites Buch pr\u00e4sentieren zu k\u00f6nnen:\u00a0<strong>\u201eIm Schatten des Lichts\u201c<\/strong>. Es ist eine Herzensangelegenheit, in der ich die leiseren, manchmal aber auch sehr intensiven Facetten der Fotografie erkunde. Seid gespannt \u2013 die Ver\u00f6ffentlichung steht kurz bevor!<\/p>\n\n\n\n<hr class=\"wp-block-separator has-alpha-channel-opacity\"\/>\n\n\n\n<p><strong>Lust auf gemeinsame Bilder?<\/strong>&nbsp;Egal ob Hochzeit, neues Business-Portr\u00e4t oder ein Shooting nur f\u00fcr dich: Ich freue mich darauf, deine Geschichte in Bildern zu erz\u00e4hlen.<\/p>\n\n\n\n<hr class=\"wp-block-separator has-alpha-channel-opacity\"\/>\n\n\n\n<p>Mehr von mir k\u00f6nnt ihr auch auf meinem <a title=\"Mein Blog\" href=\"http:\/\/blog.scheiker.de\/\" target=\"_blank\" rel=\"noopener noreferrer\">Blog<\/a>&nbsp;sehen oder auf meiner Facecbookseite &#8222;<a title=\"Meine Facebookseite\" href=\"https:\/\/www.facebook.com\/blog.scheiker.de?ref=hl\" target=\"_blank\" rel=\"noopener noreferrer\">Bilder f\u00fcr Menschen<\/a>&#8222;. Sollte euch meine Art zu fotografieren gefallen, meldet euch und wir besprechen alles weitere. Fragen kostet nichts <img decoding=\"async\" class=\"wp-smiley\" src=\"http:\/\/photography.scheiker.de\/wp-includes\/images\/smilies\/icon_wink.gif\" alt=\";-)\"><\/p>\n\n\n\n<p><\/p>\n","protected":false},"excerpt":{"rendered":"<p>Momente festhalten. Facetten zeigen. Geschichten erz\u00e4hlen. Hi, ich bin Tom und Fotografie ist f\u00fcr mich die Kunst, das Wesentliche sichtbar zu machen. Egal, ob es der emotionalste Tag eures Lebens ist, ein ausdrucksstarkes Portr\u00e4t f\u00fcr euch selbst oder ein professioneller Auftritt f\u00fcr euer Business: Ich [&hellip;]<\/p>\n","protected":false},"author":1,"featured_media":0,"parent":0,"menu_order":0,"comment_status":"open","ping_status":"open","template":"","meta":{"footnotes":""},"class_list":["post-14","page","type-page","status-publish","hentry"],"_links":{"self":[{"href":"https:\/\/photography.scheiker.de\/index.php?rest_route=\/wp\/v2\/pages\/14","targetHints":{"allow":["GET"]}}],"collection":[{"href":"https:\/\/photography.scheiker.de\/index.php?rest_route=\/wp\/v2\/pages"}],"about":[{"href":"https:\/\/photography.scheiker.de\/index.php?rest_route=\/wp\/v2\/types\/page"}],"author":[{"embeddable":true,"href":"https:\/\/photography.scheiker.de\/index.php?rest_route=\/wp\/v2\/users\/1"}],"replies":[{"embeddable":true,"href":"https:\/\/photography.scheiker.de\/index.php?rest_route=%2Fwp%2Fv2%2Fcomments&post=14"}],"version-history":[{"count":17,"href":"https:\/\/photography.scheiker.de\/index.php?rest_route=\/wp\/v2\/pages\/14\/revisions"}],"predecessor-version":[{"id":959,"href":"https:\/\/photography.scheiker.de\/index.php?rest_route=\/wp\/v2\/pages\/14\/revisions\/959"}],"wp:attachment":[{"href":"https:\/\/photography.scheiker.de\/index.php?rest_route=%2Fwp%2Fv2%2Fmedia&parent=14"}],"curies":[{"name":"wp","href":"https:\/\/api.w.org\/{rel}","templated":true}]}}

Über mich

<figure class="wp-block-image size-full"><img loading="lazy" decoding="async" width="1800" height="1200" src="http://photography.scheiker.de/wp-content/uploads/2026/01/ich-im-Studio-1800x1200-1.jpg" alt="" class="wp-image-946" srcset="https://photography.scheiker.de/wp-content/uploads/2026/01/ich-im-Studio-1800x1200-1.jpg 1800w, https://photography.scheiker.de/wp-content/uploads/2026/01/ich-im-Studio-1800x1200-1-300x200.jpg 300w, https://photography.scheiker.de/wp-content/uploads/2026/01/ich-im-Studio-1800x1200-1-1024x683.jpg 1024w, https://photography.scheiker.de/wp-content/uploads/2026/01/ich-im-Studio-1800x1200-1-250x167.jpg 250w, https://photography.scheiker.de/wp-content/uploads/2026/01/ich-im-Studio-1800x1200-1-768x512.jpg 768w, https://photography.scheiker.de/wp-content/uploads/2026/01/ich-im-Studio-1800x1200-1-1536x1024.jpg 1536w" sizes="auto, (max-width: 1800px) 100vw, 1800px" /></figure>



<hr class="wp-block-separator has-alpha-channel-opacity"/>



<h2 class="wp-block-heading">Momente festhalten. Facetten zeigen. Geschichten erzählen.</h2>



<p>Hi, ich bin Tom</p>



<p>und Fotografie ist für mich die Kunst, das Wesentliche sichtbar zu machen. Egal, ob es der emotionalste Tag eures Lebens ist, ein ausdrucksstarkes Porträt für euch selbst oder ein professioneller Auftritt für euer Business: Ich möchte Bilder schaffen, die nicht nur eine Oberfläche zeigen, sondern eine Persönlichkeit und ein Gefühl einfangen.</p>



<h3 class="wp-block-heading">Mein Ansatz: Sicherheit geben für echte Ergebnisse</h3>



<p>Ich weiß, dass die wenigsten Menschen Profis vor der Kamera sind. Deshalb sehe ich mich nicht nur als Fotograf, sondern als euer Begleiter. Ich sorge für eine entspannte Atmosphäre, in der ihr euch wohlfühlt.</p>



<p>Egal in welchem Bereich wir zusammenarbeiten – ich nehme euch an die Hand und gebe euch die nötigen Impulse. So entsteht ein natürliches Lächeln ganz von allein, und wir schaffen Ergebnisse, die authentisch und lebendig wirken, niemals gestellt.</p>



<h3 class="wp-block-heading">Drei Bereiche – ein Fokus: Der Mensch</h3>



<ul class="wp-block-list">
<li><strong>Hochzeitsfotografie:</strong>&nbsp;Ich begleite euch als stiller Beobachter eurer großen Momente und als sicherer Guide bei eurem Paarshooting. Mein Ziel ist eine Reportage, die euch auch nach Jahren noch einmal durch diesen Tag führen lässt.</li>



<li><strong>Porträts für Privatpersonen:</strong>&nbsp;Gemeinsam halten wir eure Persönlichkeit fest. Ob charakterstark, sanft oder voller Energie – wir nehmen uns die Zeit, die es braucht, um Bilder zu kreieren, auf denen ihr euch zu 100 % wiederkennt.</li>



<li><strong>Businessporträts mit Charakter:</strong>&nbsp;Ein professionelles Bild ist eure Visitenkarte. Weg von sterilen Studioaufnahmen, hin zu Porträts, die Kompetenz und Sympathie ausstrahlen und genau zu eurer beruflichen Identität passen.</li>
</ul>



<hr class="wp-block-separator has-alpha-channel-opacity"/>



<h3 class="wp-block-heading">Ein Blick hinter die Linse: „Im Schatten des Lichts“</h3>



<p>Fotografie ist für mich auch eine ständige Auseinandersetzung mit Licht, Schatten und der Tiefe des Augenblicks. Meine Leidenschaft für die erzählerische Kraft der Bilder teile ich nicht nur in meinen Aufträgen, sondern auch in Buchform.</p>



<p>Nach meinem ersten Bildband freue ich mich sehr, euch bald mein zweites Buch präsentieren zu können: <strong>„Im Schatten des Lichts“</strong>. Es ist eine Herzensangelegenheit, in der ich die leiseren, manchmal aber auch sehr intensiven Facetten der Fotografie erkunde. Seid gespannt – die Veröffentlichung steht kurz bevor!</p>



<hr class="wp-block-separator has-alpha-channel-opacity"/>



<p><strong>Lust auf gemeinsame Bilder?</strong>&nbsp;Egal ob Hochzeit, neues Business-Porträt oder ein Shooting nur für dich: Ich freue mich darauf, deine Geschichte in Bildern zu erzählen.</p>



<hr class="wp-block-separator has-alpha-channel-opacity"/>



<p>Mehr von mir könnt ihr auch auf meinem <a title="Mein Blog" href="http://blog.scheiker.de/" target="_blank" rel="noopener noreferrer">Blog</a>&nbsp;sehen oder auf meiner Facecbookseite &#8222;<a title="Meine Facebookseite" href="https://www.facebook.com/blog.scheiker.de?ref=hl" target="_blank" rel="noopener noreferrer">Bilder für Menschen</a>&#8222;. Sollte euch meine Art zu fotografieren gefallen, meldet euch und wir besprechen alles weitere. Fragen kostet nichts <img decoding="async" class="wp-smiley" src="http://photography.scheiker.de/wp-includes/images/smilies/icon_wink.gif" alt=";-)"></p>



<p></p>

<p>Momente festhalten. Facetten zeigen. Geschichten erzählen. Hi, ich bin Tom und Fotografie ist für mich die Kunst, das Wesentliche sichtbar zu machen. Egal, ob es der emotionalste Tag eures Lebens ist, ein ausdrucksstarkes Porträt für euch selbst oder ein professioneller Auftritt für euer Business: Ich [&hellip;]</p>
