{"id":792,"date":"2022-05-12T11:08:17","date_gmt":"2022-05-12T09:08:17","guid":{"rendered":"http:\/\/photography.scheiker.de\/?page_id=792"},"modified":"2022-05-12T11:08:19","modified_gmt":"2022-05-12T09:08:19","slug":"veroeffentlichungen","status":"publish","type":"page","link":"https:\/\/photography.scheiker.de\/?page_id=792","title":{"rendered":"Ver\u00f6ffentlichungen"},"content":{"rendered":"\n<p>An dieser Stelle m\u00f6chte ich auf Ver\u00f6ffentlichungen von mir oder \u00fcber mich hinweisen.<\/p>\n\n\n\n<p>Mit Berlin bin ich seit meiner Jugend eng verbunden und verbringe immer wieder Zeit in dieser wunderbaren Stadt. Bei meiner ersten Buchver\u00f6ffentlichung dreht sich dann auch alles um unsere Hauptstadt. Ich nehme euch mit auf eine fotografische Reise zu einigen bekannten und ganz vielen unbekannten Zielen in Berlin. Meine Sicht der Dinge&#8230;<\/p>\n\n\n\n<p>ISBN  3751950621 <\/p>\n\n\n\n<figure class=\"wp-block-embed\"><div class=\"wp-block-embed__wrapper\">\n<iframe loading=\"lazy\" title=\"Berlin: Meine Sicht der Dinge\" type=\"text\/html\" width=\"1305\" height=\"550\" frameborder=\"0\" allowfullscreen style=\"max-width:100%\" src=\"https:\/\/lesen.amazon.de\/kp\/card?preview=inline&#038;linkCode=kpd&#038;ref_=k4w_oembed_gYzG23KawycFm0&#038;asin=3751950621&#038;tag=kpembed-20\"><\/iframe>\n<\/div><\/figure>\n","protected":false},"excerpt":{"rendered":"<p>An dieser Stelle m\u00f6chte ich auf Ver\u00f6ffentlichungen von mir oder \u00fcber mich hinweisen. Mit Berlin bin ich seit meiner Jugend eng verbunden und verbringe immer wieder Zeit in dieser wunderbaren Stadt. Bei meiner ersten Buchver\u00f6ffentlichung dreht sich dann auch alles um unsere Hauptstadt. Ich nehme [&hellip;]<\/p>\n","protected":false},"author":1,"featured_media":0,"parent":0,"menu_order":0,"comment_status":"closed","ping_status":"closed","template":"","meta":{"footnotes":""},"class_list":["post-792","page","type-page","status-publish","hentry"],"_links":{"self":[{"href":"https:\/\/photography.scheiker.de\/index.php?rest_route=\/wp\/v2\/pages\/792","targetHints":{"allow":["GET"]}}],"collection":[{"href":"https:\/\/photography.scheiker.de\/index.php?rest_route=\/wp\/v2\/pages"}],"about":[{"href":"https:\/\/photography.scheiker.de\/index.php?rest_route=\/wp\/v2\/types\/page"}],"author":[{"embeddable":true,"href":"https:\/\/photography.scheiker.de\/index.php?rest_route=\/wp\/v2\/users\/1"}],"replies":[{"embeddable":true,"href":"https:\/\/photography.scheiker.de\/index.php?rest_route=%2Fwp%2Fv2%2Fcomments&post=792"}],"version-history":[{"count":3,"href":"https:\/\/photography.scheiker.de\/index.php?rest_route=\/wp\/v2\/pages\/792\/revisions"}],"predecessor-version":[{"id":795,"href":"https:\/\/photography.scheiker.de\/index.php?rest_route=\/wp\/v2\/pages\/792\/revisions\/795"}],"wp:attachment":[{"href":"https:\/\/photography.scheiker.de\/index.php?rest_route=%2Fwp%2Fv2%2Fmedia&parent=792"}],"curies":[{"name":"wp","href":"https:\/\/api.w.org\/{rel}","templated":true}]}}

Veröffentlichungen

<p>An dieser Stelle möchte ich auf Veröffentlichungen von mir oder über mich hinweisen.</p>



<p>Mit Berlin bin ich seit meiner Jugend eng verbunden und verbringe immer wieder Zeit in dieser wunderbaren Stadt. Bei meiner ersten Buchveröffentlichung dreht sich dann auch alles um unsere Hauptstadt. Ich nehme euch mit auf eine fotografische Reise zu einigen bekannten und ganz vielen unbekannten Zielen in Berlin. Meine Sicht der Dinge&#8230;</p>



<p>ISBN  3751950621 </p>



<figure class="wp-block-embed"><div class="wp-block-embed__wrapper">
<iframe loading="lazy" title="Berlin: Meine Sicht der Dinge" type="text/html" width="1305" height="550" frameborder="0" allowfullscreen style="max-width:100%" src="https://lesen.amazon.de/kp/card?preview=inline&#038;linkCode=kpd&#038;ref_=k4w_oembed_gYzG23KawycFm0&#038;asin=3751950621&#038;tag=kpembed-20"></iframe>
</div></figure>

<p>An dieser Stelle möchte ich auf Veröffentlichungen von mir oder über mich hinweisen. Mit Berlin bin ich seit meiner Jugend eng verbunden und verbringe immer wieder Zeit in dieser wunderbaren Stadt. Bei meiner ersten Buchveröffentlichung dreht sich dann auch alles um unsere Hauptstadt. Ich nehme [&hellip;]</p>
